{"id":3,"date":"2025-12-18T00:35:56","date_gmt":"2025-12-18T00:35:56","guid":{"rendered":"https:\/\/jlholgura.org\/wordpress\/diana\/?page_id=3"},"modified":"2026-01-27T01:53:27","modified_gmt":"2026-01-27T01:53:27","slug":"privacy-policy","status":"publish","type":"page","link":"https:\/\/jlholgura.org\/wordpress\/diana\/privacy-policy\/","title":{"rendered":"Politicas de privacidad"},"content":{"rendered":"\n<h2 class=\"wp-block-heading\">Mi Jarita<\/h2>\n\n\n\n<p>valoramos tu privacidad y nos comprometemos a proteger tus datos personales. Esta pol\u00edtica explica c\u00f3mo recopilamos, usamos y protegemos tu informaci\u00f3n. https:\/\/jlholgura.org\/wordpress\/diana.<\/p>\n\n\n\n<h2 class=\"wp-block-heading\">Informaci\u00f3n que Recopilamos<\/h2>\n\n\n\n<p>Recopilamos informaci\u00f3n de identificaci\u00f3n personal que nos proporcionas voluntariamente, como:<\/p>\n\n\n\n<h2 class=\"wp-block-heading\"><strong>Datos de transacciones:<\/strong> (Si vendes productos) Informaci\u00f3n de facturaci\u00f3n, aunque los pagos suelen procesarse por terceros seguros.<\/h2>\n\n\n\n<h2 class=\"wp-block-heading\"><strong>Datos de contacto:<\/strong> Nombre, correo electr\u00f3nico, n\u00famero de tel\u00e9fono.<\/h2>\n\n\n\n<h2 class=\"wp-block-heading\"><strong>Datos de navegaci\u00f3n:<\/strong> Direcci\u00f3n IP, tipo de navegador y comportamiento en el sitio (a trav\u00e9s de cookies).<\/h2>\n\n\n\n<p><\/p>\n\n\n\n<h2 class=\"wp-block-heading\">Cookies<\/h2>\n\n\n\n<p>Usamos los datos recopilados para los siguientes fines:<\/p>\n\n\n\n<p>Cumplir con obligaciones legales.<\/p>\n\n\n\n<p>Proveer y mantener nuestro servicio.<\/p>\n\n\n\n<p>Enviar boletines informativos o correos promocionales (solo si diste tu consentimiento).<\/p>\n\n\n\n<p>Mejorar la experiencia de usuario y la seguridad del sitio.<\/p>\n\n\n\n<h2 class=\"wp-block-heading\">Cookies y Tecnolog\u00edas de Seguimiento<\/h2>\n\n\n\n<p>Utilizamos cookies para mejorar tu experiencia. Puedes configurar tu navegador para rechazar todas las cookies, pero esto podr\u00eda afectar el funcionamiento de algunas secciones de nuestra web..<\/p>\n\n\n\n<h2 class=\"wp-block-heading\">Terceros con los que Compartimos Datos<\/h2>\n\n\n\n<div class=\"wp-block-stackable-text stk-block-text stk-block stk-397771d\" data-block-id=\"397771d\"><p class=\"stk-block-text__text\">No vendemos tus datos. Sin embargo, podemos compartir informaci\u00f3n con proveedores de confianza que nos ayudan a operar, como:<\/p><\/div>\n\n\n\n<p><strong>Servicios de email marketing:<\/strong> (Ej. Mailchimp).<\/p>\n\n\n\n<p><strong>Servicios de an\u00e1lisis:<\/strong> (Ej. Google Analytics).<\/p>\n\n\n\n<p><strong>Pasarelas de pago:<\/strong> (Ej. PayPal, Stripe).<\/p>\n\n\n\n<div class=\"wp-block-stackable-text stk-block-text stk-block stk-91093a2\" data-block-id=\"91093a2\"><p class=\"stk-block-text__text\"><strong>Servicios de email marketing:<\/strong> (Ej. Mailchimp).<\/p><\/div>\n\n\n\n<h2 class=\"wp-block-heading\">Tus Derechos<\/h2>\n\n\n\n<div class=\"wp-block-stackable-text stk-block-text stk-block stk-a00e740\" data-block-id=\"a00e740\"><p class=\"stk-block-text__text\">Dependiendo de tu ubicaci\u00f3n, tienes derecho a:<\/p><\/div>\n\n\n\n<ul class=\"wp-block-list\">\n<li><strong>Acceder<\/strong> a los datos personales que tenemos sobre ti.<\/li>\n\n\n\n<li><strong>Rectificar<\/strong> datos inexactos.<\/li>\n\n\n\n<li><strong>Solicitar la eliminaci\u00f3n<\/strong> de tus datos (&#8220;derecho al olvido&#8221;).<\/li>\n\n\n\n<li><strong>Retirar tu consentimiento<\/strong> en cualquier momento.<\/li>\n<\/ul>\n\n\n\n<div class=\"wp-block-stackable-text stk-block-text stk-block stk-93a85ef\" data-block-id=\"93a85ef\"><p class=\"stk-block-text__text\"><\/p><\/div>\n\n\n\n<h2 class=\"wp-block-heading\">Seguridad de los Datos<\/h2>\n\n\n\n<p>Implementamos medidas de seguridad t\u00e9cnicas (como cifrado SSL) para proteger tu informaci\u00f3n. Sin embargo, ning\u00fan m\u00e9todo de transmisi\u00f3n por Internet es 100% seguro.<\/p>\n\n\n\n<h2 class=\"wp-block-heading\">Contacto<\/h2>\n\n\n\n<div class=\"wp-block-stackable-text stk-block-text stk-block stk-393d753\" data-block-id=\"393d753\"><p class=\"stk-block-text__text\">Si tienes preguntas sobre esta Pol\u00edtica de Privacidad, puedes contactarnos en:<\/p><\/div>\n\n\n\n<p><strong>Direcci\u00f3n f\u00edsica:<\/strong>carrera 14a calle 7a # 32 <br>Sogamoso, Boyaca<\/p>\n\n\n\n<p><strong>Correo electr\u00f3nico:<\/strong> mijarita@gmail.com<\/p>\n\n\n\n<div class=\"wp-block-stackable-text stk-block-text stk-block stk-8ec3c9f\" data-block-id=\"8ec3c9f\"><p class=\"stk-block-text__text\"><\/p><\/div>\n\n\n\n<div class=\"wp-block-stackable-text stk-block-text stk-block stk-512742c\" data-block-id=\"512742c\"><p class=\"stk-block-text__text\"><\/p><\/div>\n\n\n\n<div class=\"wp-block-stackable-text stk-block-text stk-block stk-bdb60f0\" data-block-id=\"bdb60f0\"><p class=\"stk-block-text__text\"><\/p><\/div>\n","protected":false},"excerpt":{"rendered":"<p>Mi Jarita valoramos tu privacidad y nos comprometemos a proteger tus datos personales. Esta pol\u00edtica explica c\u00f3mo recopilamos, usamos y protegemos tu informaci\u00f3n. https:\/\/jlholgura.org\/wordpress\/diana. Informaci\u00f3n que Recopilamos Recopilamos informaci\u00f3n de identificaci\u00f3n personal que nos proporcionas voluntariamente, como: Datos de transacciones: (Si vendes productos) Informaci\u00f3n de facturaci\u00f3n, aunque los pagos suelen procesarse por terceros seguros. Datos&#8230;<\/p>\n","protected":false},"author":1,"featured_media":0,"parent":0,"menu_order":0,"comment_status":"closed","ping_status":"open","template":"","meta":{"_kad_post_transparent":"disable","_kad_post_title":"show","_kad_post_layout":"","_kad_post_sidebar_id":"","_kad_post_content_style":"","_kad_post_vertical_padding":"","_kad_post_feature":"","_kad_post_feature_position":"","_kad_post_header":false,"_kad_post_footer":true,"_kad_post_classname":"","footnotes":""},"class_list":["post-3","page","type-page","status-publish","hentry"],"_links":{"self":[{"href":"https:\/\/jlholgura.org\/wordpress\/diana\/wp-json\/wp\/v2\/pages\/3","targetHints":{"allow":["GET"]}}],"collection":[{"href":"https:\/\/jlholgura.org\/wordpress\/diana\/wp-json\/wp\/v2\/pages"}],"about":[{"href":"https:\/\/jlholgura.org\/wordpress\/diana\/wp-json\/wp\/v2\/types\/page"}],"author":[{"embeddable":true,"href":"https:\/\/jlholgura.org\/wordpress\/diana\/wp-json\/wp\/v2\/users\/1"}],"replies":[{"embeddable":true,"href":"https:\/\/jlholgura.org\/wordpress\/diana\/wp-json\/wp\/v2\/comments?post=3"}],"version-history":[{"count":9,"href":"https:\/\/jlholgura.org\/wordpress\/diana\/wp-json\/wp\/v2\/pages\/3\/revisions"}],"predecessor-version":[{"id":317,"href":"https:\/\/jlholgura.org\/wordpress\/diana\/wp-json\/wp\/v2\/pages\/3\/revisions\/317"}],"wp:attachment":[{"href":"https:\/\/jlholgura.org\/wordpress\/diana\/wp-json\/wp\/v2\/media?parent=3"}],"curies":[{"name":"wp","href":"https:\/\/api.w.org\/{rel}","templated":true}]}}